- 1. What is h(y)?
6
Let k = -16 + 19. Let v(p) = k*p - 4*p - 2 + 1 + 4*p. Let d = 4 + -2. Give v(d).
5
Suppose 49*t - 29*t - 140 = 0. Let n(w) = -w**2 + 7*w. Determine n(t).
0
Let f(t) = -2*t - 3. Let b be f(-2). Suppose 5*h = 4*h - b, -4*q = 5*h + 41. Let z = q + 7. Let m(c) = 5*c + 2. Give m(z).
-8
Let l(b) = 2*b - 5. Suppose 344 = 42*m + 50. Determine l(m).
9
Let p(u) = 2*u + 52 + 48 + 40 - 146. What is p(6)?
6
Let l(t) = 2*t + 6. Let h(d) be the first derivative of -d**2 - 7*d + 157. Let i(v) = v + 1. Let r be i(2). Let x(g) = r*h(g) + 4*l(g). Calculate x(4).
11
Let l(f) = -8*f - 10. Let w(i) = 19*i + 20. Let v(t) = 5*l(t) + 2*w(t). Calculate v(-8).
6
Let m(r) be the second derivative of r**3/6 - 11*r**2/2 + 40*r. Give m(7).
-4
Let t = 22 + -25. Let q(f) = -4*f + 6. Let k(d) = d + 0 - 7 + 4*d + 0. Let s(z) = t*k(z) - 4*q(z). Calculate s(-4).
-7
Let j(x) = x**3 - 8*x**2 - 19*x - 6. Let a be j(10). Let t(u) = a*u**3 + 4 + 7*u**2 + 3*u**3 - 8*u**3. Calculate t(7).
4
Let l(n) = -6 + 219*n**3 + 10*n - 5 - 220*n**3 + 7*n**2. Let a be l(8). Let f(y) = -y**2 + 5*y + 1. Determine f(a).
1
Suppose 0 = 12*k - 9*k - 9. Let f(o) = -2*o**3 + o**3 - o - k*o**2 - o**3 - 4 + o**3. Let z be (-25)/9 - (-4)/(-18). What is f(z)?
-1
Let r(i) be the third derivative of 0*i**5 + 0 + 4*i**2 + 0*i + 1/6*i**4 + 1/2*i**3 - 1/120*i**6. What is r(-2)?
3
Let i(k) = -8*k + 5. Suppose -b + 5*r + 16 = 0, 14*r - 15*r - 4 = 0. Determine i(b).
37
Let f(m) = -2*m**3 - 25*m**2 + 5*m + 16. Let w(p) = -3*p + p**3 - 2*p**3 + 58 + 12*p**2 + 2*p**3 - 66. Let g(b) = 6*f(b) + 13*w(b). What is g(-7)?
6
Let k(g) be the third derivative of -g**6/120 + g**4/6 + g**3/6 - 3*g**2 + 11*g. Determine k(-3).
16
Let a(t) = -t - 9 - 9 + 3*t - 12 + 15. Give a(14).
13
Let h(k) = 2*k + 1. Let i(p) = -43*p - 5. Let g(w) = 4*h(w) + i(w). Calculate g(-1).
34
Let m(a) = a**3 + 6*a**2 + 3*a + 2. Let k = 13 - 11. Let v(c) = 4*c + 2*c**3 - 3*c + c**k - 2*c + 1 + c**2. Let t be v(-2). Determine m(t).
12
Let x(j) = j**3 + 5*j**2 - 7*j - 4. Let g be x(-6). Let f(y) = -6 + 5*y**g + 2*y - 4*y**2 + 0*y**2. What is f(-6)?
18
Let q(l) = 3*l + 12. Let b be q(5). Let i be (-86)/(-6) - (-18)/b. Let h be (-2*i/(-6))/(-1). Let c(a) = -a**3 - 5*a**2 + a + 2. What is c(h)?
-3
Let b(x) = x**3 + 6*x**2 - 5*x + 10. Suppose -v + 4 - 2 = 0, -i - 3 = -4*v. Let j(h) = -h - 2. Let d be j(i). Give b(d).
-4
Let k(v) = -v**3 - 10*v**2 + 1. Let w(z) = -z**3 - 8*z**2 - 15*z - 6. Let f be w(-7). Suppose -5*d + 0*d - f = 0. Determine k(d).
1
Let v(p) = p**3 - 10*p**2 + 10*p - 12. Suppose -23 = -2*t + 2*w - 7*w, 4*t - 3*w - 33 = 0. Let s be v(t). Let f(d) = d**3 + 5*d**2 + 3*d - 1. Determine f(s).
8
Let f(y) = -8*y**2 + 135*y + y**3 + 16 - 120*y + 23*y**2. Calculate f(-14).
2
Let j(q) = q - 4. Suppose -w + 5*y = -13, -4*w - 5*y = -2*y + 63. Let b be (4/w*-3)/((-2)/(-10)). Give j(b).
1
Suppose -303 = -8*r + 11*r. Let x = 106 + r. Let i(t) = 3*t + 2 - 8*t + t**3 - 4 - 4*t**2. Determine i(x).
-2
Let l be (-1)/(-2)*(-2 - (-8 - -2)). Let i(u) = -11*u. What is i(l)?
-22
Let a(x) = x + 6. Suppose -5*b - 18 = b. Let c be a(b). Let n(d) = -d - 1. Calculate n(c).
-4
Let z(r) = 3*r + 0 - r**2 - 2*r - 1 + 2*r. Let i be (-4)/(-10)*(9 + -4). Suppose 0 = 5*w - 3 - i. Calculate z(w).
1
Let l(k) = 17*k - 11*k**3 + 4*k + 31 + 31*k**2 - 6*k**2. Let q(c) = -5*c**3 + 12*c**2 + 10*c + 15. Let u(j) = -6*l(j) + 13*q(j). Give u(-6).
-15
Let t = -25 + 35. Let r = t + -9. Let i(p) = 5*p - 2 + r - p**2 - p + 2*p. Give i(5).
4
Let d = 5 - 2. Let b be (-8)/2 - -1 - d. Let p(g) be the first derivative of -g**4/4 - 5*g**3/3 + 3*g**2 + 5*g - 1. What is p(b)?
5
Let k(u) be the first derivative of u**2 - u - 35. Let r(q) = q**2 + 4*q + 10. Let n(w) = -2*k(w) - r(w). Calculate n(-6).
4
Let r(x) = -5*x**3 + 2*x**2 + 2*x + 1. Let n(h) = -22*h - 67. Let j be n(-3). Calculate r(j).
6
Let w(t) = -40*t + 19*t - 11 + 22*t. What is w(9)?
-2
Let i(s) be the first derivative of -3*s**2/2 - 4*s - 114. Give i(3).
-13
Let j(d) be the first derivative of d**3/3 + 3*d**2 + 10*d + 770. Give j(-4).
2
Let f(j) = -59*j - 5. Let m(k) = 76*k + 7. Let v(b) = 4*f(b) + 3*m(b). Let g(p) = -p**2 - p - 1. Let l be g(-1). Calculate v(l).
9
Let q(p) = 18 - p**3 + p**2 + p + 2*p**3 + 19*p**2. Calculate q(-20).
-2
Let w(o) = -o**3 + 16*o**2 - 16*o + 1. Suppose 20*b - 315 + 15 = 0. What is w(b)?
-14
Let z = -201 + 383. Let k be 58/14 - 26/z. Let r(b) = -b + 8. Calculate r(k).
4
Let p(a) = 4*a - 23*a**2 + 19*a**2 - 6*a**3 + 5*a**3. Give p(-5).
5
Let v(i) = i**2 - i + 1. Let x = 11 + -24. Let n = x - -15. Let u(g) = -3*g**2 + 9*g - 4. Let r(z) = n*v(z) + u(z). What is r(4)?
10
Let p(u) = -3 - 9*u + u**2 - 14*u + 24*u. Suppose -6*v - 5*v + 44 = 0. Determine p(v).
17
Let p(z) = -21*z**2 + 12*z + 6. Let w(b) = b**2 - 2*b - 1. Let i(v) = p(v) + 6*w(v). Determine i(-1).
-15
Let d(c) = c - 12. Let g(m) = -m**2 - 9*m + 5. Let r be g(-9). Suppose -r*b - n = -44, 2*b - n + 28 = 5*b. Determine d(b).
-4
Let w(b) = -2*b + 16. Suppose 46*n - 37*n - 81 = 0. Determine w(n).
-2
Let g(v) = -8*v - 20. Let j be g(-3). Let f(t) = t + 4. Let x(l) = 2*l + 12. Let d(h) = j*x(h) - 11*f(h). Give d(5).
-11
Let i(o) be the second derivative of -o**4/12 - 2*o**3/3 + 2*o**2 + 264*o. Determine i(-6).
-8
Suppose -12*c - 72 = -3*c. Let i(v) be the second derivative of -v**5/20 - 2*v**4/3 - v**3/6 - 3*v**2/2 - 4*v. Calculate i(c).
5
Suppose 0 = -4*o - o + 65. Let h(j) = -o*j**2 - 12*j**2 - 19*j**2 + 43*j**2 - 6*j - 4. Determine h(-4).
4
Let v(d) = -d**2 + 2*d - 2. Let o = 56 + -88. Let t be (o/40)/(2/(-5)). What is v(t)?
-2
Suppose 2*w - 3*h = 3, w - 3*h + 1 = -2. Let d(t) = 3*t**3 - 2*t**2 - t + 3. Let s(m) = 4*m**3 - m + 3. Let r(j) = -3*d(j) + 2*s(j). Calculate r(w).
3
Let l(s) = -2*s + 15. Suppose -1802 + 1782 = -2*b. Give l(b).
-5
Let x(m) = -m**3 + 2*m**2 + 5*m - 3. Let j = -219 + 222. Determine x(j).
3
Let h(c) = 3*c. Suppose -109*u = -61*u - 288. Calculate h(u).
18
Suppose 3*i - 24 = -0*i. Suppose 5*m + 5*x - i - 12 = 0, 3*m = -5*x + 16. Let r(u) = -5 - 3*u + 4*u - m*u - u**2 - 4*u. Give r(-5).
-5
Let a be ((-1)/4)/((-3)/36). Suppose -a*p + 5 = -4. Let u(k) = k**2 + 2*k. Calculate u(p).
15
Suppose -2*d - 12 = 4*d. Let f be (-25)/d*12/(-15). Let u(h) = -h**3 - 11*h**2 - 9*h + 5. Determine u(f).
-5
Let r be (4 + -2)/(-2) - 4. Let w(p) = -p**2 - p + 7. What is w(r)?
-13
Let l(t) = 0*t**2 - 3*t**2 + 4*t**3 + t - 3*t**3 + 1. Let m(x) = 5*x + 4. Let s be m(4). Suppose -4*b - 6*f = -2*f - s, -3*b - 2*f + 14 = 0. Calculate l(b).
-1
Suppose -4*w + 57 = -3*q, -80 = 54*w - 59*w + 2*q. Let x(m) = m**3 - 17*m**2 - 19*m + 22. Give x(w).
4
Let p(v) = -8*v + 187. Let z be p(23). Let m(i) be the second derivative of -5/2*i**2 + 4*i + 5/6*i**z - 1/12*i**4 + 0. What is m(5)?
-5
Let w be 27/(3 - (-36)/(-8)). Let u be (-4 - -3)/((-3)/w). Let h(t) = t**2 + 6*t - 4. Give h(u).
-4
Let g = -52 + 118. Let h = g + -70. Let d(r) = 4*r + 5. Let v(l) = -11*l - 14. Let y(o) = 8*d(o) + 3*v(o). What is y(h)?
2
Suppose 2*m - 3*m = -20. Let k = m - 19. Let g(p) = 3*p**2. Give g(k).
3
Let y(r) = r**2 - r. Let x(i) = i**3 - 9*i**2 + 9*i - 5. Let k(v) = -x(v) + 4*y(v). Give k(12).
-7
Let x = -17 + 15. Suppose -3*n = -11 - 1. Let j(k) = -5*k - 2. Let h(s) = -5*s - 2. Let y(z) = n*j(z) - 3*h(z). Determine y(x).
8
Let b(a) be the first derivative of -a**4/4 - 2*a**3 + a**2/2 + 7*a - 54. Determine b(-5).
-23
Let h(o) be the second derivative of -2*o**3/3 - 2*o**2 - 4*o. Let b be h(-2). Let t(l) = -3*l + 5. Give t(b).
-7
Let w(n) = n**2 - 6*n - 4. Let d(k) = 22 - 17*k + 4*k + 8*k + 6*k. Let s be d(-16). Calculate w(s).
-4
Suppose 5*b - 8 + 3 = 0. Let k(i) be the third derivative of i**6/40 - i**3/6 - 24*i**2. Give k(b).
2
Let w(i) = 5*i - 39. Let s be w(5). Suppose -1 = 4*a + 15, 0 = -3*r - 5*a - 71. Let p = s - r. Let t(m) = -m**2 - m + 3. What is t(p)?
-9
Let c(w) = 4*w + 8. Let m be 8/(-18) - (0 - 92/(-36)). Determine c(m).
-4
Suppose -5*h - 20 = -s, -5*s + 25 + 9 = -3*h. Let q(c) = c**3 - 15*c**2 + 2*c + 8. Let j(d) = 2*d**2 - d - 1. Let p(i) = -5*j(i) - q(i). Determine p(s).
12
Let j = -10 + 26. Let g be (16 - j)*(-1 - 0). Let t(k) = -k**3 + k**2 - 10. Calculate t(g).
-10
Let y(h) = -h**3 - h**2 - h. Let a = -1 + 2. Let t(v) = 3*v**3 - 2*v**2 - 3*v - 2. Let f(l) 